{"id":133,"date":"2018-08-07T12:46:06","date_gmt":"2018-08-07T12:46:06","guid":{"rendered":"https:\/\/new.edelstahl-boesche.de\/?page_id=133"},"modified":"2018-08-07T13:44:29","modified_gmt":"2018-08-07T13:44:29","slug":"muster-zum-anschauen","status":"publish","type":"page","link":"https:\/\/www.edelstahl-boesche.de\/?page_id=133","title":{"rendered":"Muster zum Anschauen"},"content":{"rendered":"\t\t<div data-elementor-type=\"wp-post\" data-elementor-id=\"133\" class=\"elementor elementor-133 elementor-bc-flex-widget\" data-elementor-post-type=\"page\">\n\t\t\t\t\t\t<section class=\"elementor-section elementor-top-section elementor-element elementor-element-889a322 elementor-section-boxed elementor-section-height-default elementor-section-height-default\" data-id=\"889a322\" data-element_type=\"section\" data-e-type=\"section\">\n\t\t\t\t\t\t<div class=\"elementor-container elementor-column-gap-default\">\n\t\t\t\t\t<div class=\"elementor-column elementor-col-100 elementor-top-column elementor-element elementor-element-ad5c40e\" data-id=\"ad5c40e\" data-element_type=\"column\" data-e-type=\"column\">\n\t\t\t<div class=\"elementor-widget-wrap elementor-element-populated\">\n\t\t\t\t\t\t<div class=\"elementor-element elementor-element-70008b6 elementor-widget elementor-widget-heading\" data-id=\"70008b6\" data-element_type=\"widget\" data-e-type=\"widget\" data-widget_type=\"heading.default\">\n\t\t\t\t<div class=\"elementor-widget-container\">\n\t\t\t\t\t<h2 class=\"elementor-heading-title elementor-size-default\">Muster zum Anschauen<\/h2>\t\t\t\t<\/div>\n\t\t\t\t<\/div>\n\t\t\t\t<div class=\"elementor-element elementor-element-77ea09f elementor-widget elementor-widget-image\" data-id=\"77ea09f\" data-element_type=\"widget\" data-e-type=\"widget\" data-widget_type=\"image.default\">\n\t\t\t\t<div class=\"elementor-widget-container\">\n\t\t\t\t\t\t\t\t\t\t\t\t\t\t\t<img fetchpriority=\"high\" decoding=\"async\" width=\"458\" height=\"207\" src=\"https:\/\/www.edelstahl-boesche.de\/wp-content\/uploads\/2018\/08\/IMG_2888.jpg\" class=\"attachment-large size-large wp-image-173\" alt=\"\" srcset=\"https:\/\/www.edelstahl-boesche.de\/wp-content\/uploads\/2018\/08\/IMG_2888.jpg 458w, https:\/\/www.edelstahl-boesche.de\/wp-content\/uploads\/2018\/08\/IMG_2888-300x136.jpg 300w\" sizes=\"(max-width: 458px) 100vw, 458px\" \/>\t\t\t\t\t\t\t\t\t\t\t\t\t\t\t<\/div>\n\t\t\t\t<\/div>\n\t\t\t\t<div class=\"elementor-element elementor-element-e045c26 elementor-widget elementor-widget-text-editor\" data-id=\"e045c26\" data-element_type=\"widget\" data-e-type=\"widget\" data-widget_type=\"text-editor.default\">\n\t\t\t\t<div class=\"elementor-widget-container\">\n\t\t\t\t\t\t\t\t\t<strong>Sie haben noch keine Vorstellung, wie Ihr neues Treppengel\u00e4nder, ihr neuer Balkon, oder Ihr neues Vordach aussehen k\u00f6nnte?<\/strong>\n<br><br>\nGerne k\u00f6nnen Sie einige Musterbeispiele auf unserem Gel\u00e4nde besichtigen.<br>\n<br>\nUnsere B\u00fcr\u00f6zeiten sind von Montag &#8211; Freitag von 09.00 bis 16.00 Uhr.<br><br> F\u00fcr eine individuelle Beratung vereinbaren Sie am besten ein pers\u00f6nliches Beratungsgespr\u00e4ch unter (0 23 05) 18 66 4 oder \u00fcber unser Kontaktformular.\t\t\t\t\t\t\t\t<\/div>\n\t\t\t\t<\/div>\n\t\t\t\t\t<\/div>\n\t\t<\/div>\n\t\t\t\t\t<\/div>\n\t\t<\/section>\n\t\t\t\t<section class=\"elementor-section elementor-top-section elementor-element elementor-element-19f1ae7 elementor-section-boxed elementor-section-height-default elementor-section-height-default\" data-id=\"19f1ae7\" data-element_type=\"section\" data-e-type=\"section\">\n\t\t\t\t\t\t<div class=\"elementor-container elementor-column-gap-default\">\n\t\t\t\t\t<div class=\"elementor-column elementor-col-100 elementor-top-column elementor-element elementor-element-8749c21\" data-id=\"8749c21\" data-element_type=\"column\" data-e-type=\"column\">\n\t\t\t<div class=\"elementor-widget-wrap elementor-element-populated\">\n\t\t\t\t\t\t<div class=\"elementor-element elementor-element-e1876d3 elementor-button-info elementor-align-center elementor-widget elementor-widget-button\" data-id=\"e1876d3\" data-element_type=\"widget\" data-e-type=\"widget\" data-widget_type=\"button.default\">\n\t\t\t\t<div class=\"elementor-widget-container\">\n\t\t\t\t\t\t\t\t\t<div class=\"elementor-button-wrapper\">\n\t\t\t\t\t<a class=\"elementor-button elementor-button-link elementor-size-md\" href=\"https:\/\/new.edelstahl-boesche.de\/?page_id=51\">\n\t\t\t\t\t\t<span class=\"elementor-button-content-wrapper\">\n\t\t\t\t\t\t\t\t\t<span class=\"elementor-button-text\">Kontaktformular<\/span>\n\t\t\t\t\t<\/span>\n\t\t\t\t\t<\/a>\n\t\t\t\t<\/div>\n\t\t\t\t\t\t\t\t<\/div>\n\t\t\t\t<\/div>\n\t\t\t\t\t<\/div>\n\t\t<\/div>\n\t\t\t\t\t<\/div>\n\t\t<\/section>\n\t\t\t\t<\/div>\n\t\t","protected":false},"excerpt":{"rendered":"<p>Muster zum Anschauen Sie haben noch keine Vorstellung, wie Ihr neues Treppengel\u00e4nder, ihr neuer Balkon, oder Ihr neues Vordach aussehen k\u00f6nnte? Gerne k\u00f6nnen Sie einige Musterbeispiele auf unserem Gel\u00e4nde besichtigen. Unsere B\u00fcr\u00f6zeiten sind von Montag &#8211; Freitag von 09.00 bis 16.00 Uhr. F\u00fcr eine individuelle Beratung vereinbaren Sie am besten ein pers\u00f6nliches Beratungsgespr\u00e4ch unter (0 [&hellip;]<\/p>\n","protected":false},"author":3,"featured_media":0,"parent":47,"menu_order":0,"comment_status":"closed","ping_status":"closed","template":"elementor_header_footer","meta":{"footnotes":""},"class_list":["post-133","page","type-page","status-publish","hentry"],"_links":{"self":[{"href":"https:\/\/www.edelstahl-boesche.de\/index.php?rest_route=\/wp\/v2\/pages\/133","targetHints":{"allow":["GET"]}}],"collection":[{"href":"https:\/\/www.edelstahl-boesche.de\/index.php?rest_route=\/wp\/v2\/pages"}],"about":[{"href":"https:\/\/www.edelstahl-boesche.de\/index.php?rest_route=\/wp\/v2\/types\/page"}],"author":[{"embeddable":true,"href":"https:\/\/www.edelstahl-boesche.de\/index.php?rest_route=\/wp\/v2\/users\/3"}],"replies":[{"embeddable":true,"href":"https:\/\/www.edelstahl-boesche.de\/index.php?rest_route=%2Fwp%2Fv2%2Fcomments&post=133"}],"version-history":[{"count":3,"href":"https:\/\/www.edelstahl-boesche.de\/index.php?rest_route=\/wp\/v2\/pages\/133\/revisions"}],"predecessor-version":[{"id":174,"href":"https:\/\/www.edelstahl-boesche.de\/index.php?rest_route=\/wp\/v2\/pages\/133\/revisions\/174"}],"up":[{"embeddable":true,"href":"https:\/\/www.edelstahl-boesche.de\/index.php?rest_route=\/wp\/v2\/pages\/47"}],"wp:attachment":[{"href":"https:\/\/www.edelstahl-boesche.de\/index.php?rest_route=%2Fwp%2Fv2%2Fmedia&parent=133"}],"curies":[{"name":"wp","href":"https:\/\/api.w.org\/{rel}","templated":true}]}}